s of p?
5, 127
Suppose 5*o + 2*b - 1396 = 0, 2*b = o + b - 275. Let f = -5 + o. What are the prime factors of f?
3, 7, 13
Suppose 174 - 507 = -3*m. Suppose -2*j - m = -3*o - 31, 4*j - 56 = -3*o. Suppose -w = -o - 7. What are the prime factors of w?
31
Suppose -2*p = -4*r + 1306, 34 - 359 = -r + 2*p. Suppose -107 = -k + 2*d, -5*k = d - r - 164. What are the prime factors of k?
3, 11
Suppose -1 = 5*h - 6. Suppose h = 4*r - 131. What are the prime factors of r?
3, 11
Let h = 157 - 48. List the prime factors of h.
109
Let n = -6 - 8. List the prime factors of n/(-49) - (-1139)/7.
163
Let h = 79 + -51. Let q = h - -16. What are the prime factors of q?
2, 11
Let o(c) be the first derivative of -c**3/3 - 7*c**2/2 - 2*c + 9. Suppose -4*w = -3*d + 15, 2*w = 8*d - 4*d. What are the prime factors of o(w)?
2
Suppose u = -2*u + 6. Suppose -u*k + 37 = -k. List the prime factors of k.
37
Let x be ((-411)/12)/((-2)/8). Let u = x - -14. List the prime factors of u.
151
Suppose -5*t - 1137 + 3297 = 0. Suppose -3*a + 0*a + t = 0. What are the prime factors of a?
2, 3
Let p(x) = -10705 + 3*x + 10702 + 38*x**2 - 4*x. What are the prime factors of p(2)?
3, 7
Suppose s - 4*s - 5*x = -50, 0 = -3*s - 2*x + 56. Suppose l - s = 5*l. List the prime factors of ((-40)/(-25))/((-2)/l).
2
Suppose -n + 2*n = 2. Suppose -n*q - 8 = -r, 2*q + 8 + 8 = -3*r. What are the prime factors of (15/r)/((-9)/24)?
2, 5
Suppose -8 = -4*m, -5*r + r = -4*m - 472. Let s = r + -77. List the prime factors of s.
43
Let t be 3 + -6 + (-2 - -7). Let g(w) = 2*w**3 - 4*w**2 + 3*w. Let i be g(t). Suppose i*q + 4 = 166. What are the prime factors of q?
3
Let m = -358 - -248. Let z(p) = p**2 - 4*p - 3. Let f be z(5). What are the prime factors of (-200)/m - f/(-11)?
2
Suppose -3*c + 4*u + 0*u + 136 = 0, 5*c + 2*u = 218. Suppose -406 = -51*f + c*f. List the prime factors of f.
2, 29
Let u(f) = 3*f**3 + 2*f**2 - 6*f. Let h be u(4). Suppose -3*p + h = -2*k - 164, p = 3*k + 112. What are the prime factors of 2*p/24*3?
31
Let s(a) = 86*a**2 - 31*a + 5. List the prime factors of s(2).
7, 41
Let a = -35 + 57. Let c = 47 + a. What are the prime factors of c?
3, 23
Suppose 4*a - 2*t + 8 = 50, t = -5. Suppose a*b - 3*b = 800. List the prime factors of b.
2, 5
Let c(i) = 21*i**2 + i. Let y be c(-1). Suppose 4*o - 6*o + y = 0. Suppose r + 2*r = -w + o, w - 31 = 4*r. List the prime factors of w.
19
Suppose -38 = -5*p + 52. Suppose -i - p + 110 = -3*d, 3*d = -2*i + 139. What are the prime factors of i?
7, 11
Let s = -12 + -24. Suppose 6*u - 3*u = -57. Let z = u - s. List the prime factors of z.
17
Let k = 595 - 515. List the prime factors of k.
2, 5
Let c(t) = 184*t**2 + 5*t. List the prime factors of c(-2).
2, 3, 11
Suppose 26 - 76 = -5*l. Let g = l + -39. Let j = 58 + g. List the prime factors of j.
29
Let y(r) = r**3 - 15*r**2 + 13*r - 7. Let o be y(13). Let l = o + 309. What are the prime factors of l?
7, 19
What are the prime factors of (-12690)/81*(-2)/10*6?
2, 47
Let d(y) = y**3 + y**3 + 3 + 3*y**2 - 8*y**2 - 6*y - y**3. List the prime factors of d(6).
3
Let x(j) = j**2 + 5*j + 6. Let k be x(-4). Suppose -k*d + 1 + 5 = 0. Suppose 3*g + 3*c - 96 = 0, d*c - 3 = -0. List the prime factors of g.
31
Let d be (-11)/((27/(-6))/(-9)). List the prime factors of 4/d - 3585/(-55).
5, 13
Suppose -5*w - 4*q + 392 = 0, 3*w + 2*q = -2*w + 396. Let y = 55 + 25. Suppose 6*b + y = 5*u + 3*b, 4*b + w = 5*u. What are the prime factors of u?
2
Suppose -97 = -25*g + 128. List the prime factors of g.
3
Suppose 0 = -5*s + 4*i + 4931, -2*s + 4*i + 1192 + 790 = 0. What are the prime factors of s?
983
Suppose 14*c - 82908 = -28*c. What are the prime factors of c?
2, 3, 7, 47
Let x(p) = -p**3 - 7*p**2 + 7*p + 1. Let t = 1 + -9. Let h be x(t). What are the prime factors of -3 + (0 + 2)*h?
3, 5
Suppose -8*t - 10962 = -22*t. List the prime factors of t.
3, 29
Let d(p) = 506*p**3 + 5*p**2 + 2*p - 1. List the prime factors of d(1).
2
Let z = 2967 - 1231. List the prime factors of z.
2, 7, 31
Let u(o) = 98*o - 11. What are the prime factors of u(7)?
3, 5
Suppose 0*q = 5*u - 2*q - 92, 3*u + 5*q - 80 = 0. List the prime factors of (-8)/(-5)*(u + 0).
2
Let t = 0 + 3. Suppose 4*s - 1 = -t*m - 8, m = -5*s + 5. Suppose -g = -2*b - 24, -6*b + b = s*g - 21. What are the prime factors of g?
2, 3
What are the prime factors of 7/((-49)/4431)*(-14)/6?
7, 211
Let h = 16 - 0. Suppose 0 = -9*w + 6*w + 33. Suppose h*n = w*n + 20. What are the prime factors of n?
2
Let z(j) = -15*j**3 - j. Let o = 12 - 14. Let c be z(o). Suppose -4 = -4*y, 0 = -5*h + h - 2*y + c. List the prime factors of h.
2, 3, 5
Suppose 2 = d - 1, d = -4*v + 3991. List the prime factors of v.
997
List the prime factors of 856 + (-4)/(-20)*0.
2, 107
Let l be (-806)/(-6) - (-17)/(-51). Let j be ((-10)/6)/(1/(-3)). Suppose 19 = -j*f + l. List the prime factors of f.
23
Suppose -3*y - u + 15 = u, y = -5*u - 8. Suppose -5*n + y = -43. Suppose -n - 45 = -5*b. List the prime factors of b.
11
Suppose -k + 2 = -3. Let v(l) = -l**3 + 7*l**2 - 5*l - 4. Let q be v(6). Let s = k + q. What are the prime factors of s?
7
Suppose 0 = 8*g - 10*g + 86. Suppose -d = 5*f - 235, f + g + 813 = 4*d. What are the prime factors of d?
5, 43
Let c(j) be the first derivative of -j**4/4 + 5*j**3 + 12*j**2 - 17*j - 2. What are the prime factors of c(16)?
3, 37
Suppose -a = -7 - 10. Let t(y) = -a + 3*y**2 + 9*y + 4*y**2 + 19 - 5*y**2. List the prime factors of t(-6).
2, 5
Let d be 3 - -4 - (2 + 2). Suppose 92 = d*t - 118. List the prime factors of t.
2, 5, 7
Let t be (-4 - -10) + -4 + 1. Suppose -4*s - 50 = t*p, 5*s = -2*p + 2*s - 35. List the prime factors of (p/15)/(4/(-150)).
5
Suppose -k - 20*r = -24*r - 449, -5*k = 5*r - 2295. List the prime factors of k.
457
Let i(b) = 3*b + 2 + 8*b + 43*b. List the prime factors of i(1).
2, 7
Let b(c) = -14*c - 29. Suppose 28 = -4*m + g, -2*g - 12 = 2*m - 3*g. List the prime factors of b(m).
83
Suppose 7*f + 76 = 8*f. Suppose k = -0*k + f. List the prime factors of k.
2, 19
Let o = 25 + -17. Suppose o = 8*g - 6*g. Suppose 0 = 4*x + g*q - 248, -3*q + 127 = x + x. What are the prime factors of x?
59
Suppose -2*f + 7 + 1 = 0. Suppose f*s + 0 = -8. List the prime factors of (7/(14/(-12)))/s.
3
List the prime factors of (-18)/9 - 1/(4/(-1440)).
2, 179
Let c(n) = 35*n + 3. Let i be c(1). Suppose 4*z + 3*q = i, -3 = z - 2*q - 7. Suppose 0 - z = -4*t. What are the prime factors of t?
2
Suppose -63 = 4*v - v. Let s be (1 - 41)*3/(-3). Let b = v + s. List the prime factors of b.
19
Suppose -5*i + 2*o + 28 = 6*o, -5*i + 4*o + 12 = 0. Suppose -5*z - 5*h = -i*z - 33, -5*z - h = -261. What are the prime factors of z?
53
Let r(g) = -2*g**2 + 26*g + 8. Let d be r(12). Let z = 118 + d. What are the prime factors of z?
2, 3, 5
Let l = -112 - -246. Suppose 2*o = 5*k - 238, 7*k + o - l = 4*k. Let d = k - -4. List the prime factors of d.
2, 5
Suppose -71*u + 2904 = -68*u. List the prime factors of u.
2, 11
Let m(z) = 7*z - 14. Let a be m(5). Let h = -6 - a. Let w = h + 29. List the prime factors of w.
2
Suppose -w = -8*w. Suppose 4*u - 228 = -w*u. What are the prime factors of u?
3, 19
Let d(p) = p**2 - p - 25. Let x be d(0). Let h(t) = 7*t**3 + 2*t + 2. Let m be h(-2). Let z = x - m. List the prime factors of z.
3, 11
Let p be (-1)/((-9)/(-12))*105/(-10). Let n = 26 - p. List the prime factors of n.
2, 3
List the prime factors of 220*(-16)/(-24)*66/4.
2, 5, 11
Let k be (39 - (0 + 1)) + 3. Suppose -6 = -5*z - k. Let d = 9 + z. What are the prime factors of d?
2
Let c = 16 + -18. Let i be c*1 + -7 + 7. What are the prime factors of (-185)/2*i/5?
37
Let h(i) = 67*i**2 + 4*i + 3. Let x be h(-2). Suppose -x = -4*z + 105. What are the prime factors of z?
2, 23
Let r(w) = w**2 - 4*w + 2. Let p be r(2). List the prime factors of (242 - (5 + -8)) + (-6)/p.
2, 31
Let m(d) = 2*d**3 + 4*d**2 - 4*d + 2. Let g be m(3). Let b = g - 28. What are the prime factors of b?
2, 13
Let k(b) = 5*b**2 + 15*b - 28. List the prime factors of k(-11).
2, 103
Let d = 20 - 23. Let k(v) = 22*v**2 + 4*v + 5. Let o be k(d). Suppose -4 - o = -5*u. List the prime factors of u.
3, 13
Suppose 2*c + t - 6*t = -15, 5*t - 15 = 3*c. Suppose c*z + 8 = z. List the prime factors of z.
2
List the prime factors of (13620/(-25))/((-2)/10).
2,